
Calculate the remainder when 8205 is divided by 25.
5
What is the remainder when 78852 is divided by 13?
7
What is the remainder when 35296 is divided by 3204?
52
Calculate the remainder when 56147 is divided by 7015.
27
Calculate the remainder when 69694 is divided by 124.
6
Calculate the remainder when 13671 is divided by 63.
0
What is the remainder when 7058 is divided by 504?
2
Calculate the remainder when 68968 is divided by 34484.
0
Calculate the remainder when 28427 is divided by 10.
7
Calculate the remainder when 3256 is divided by 520.
136
What is the remainder when 195 is divided by 172?
23
What is the remainder when 160 is divided by 3?
1
Calculate the remainder when 2611 is divided by 1299.
13
Calculate the remainder when 7688 is divided by 1535.
13
Calculate the remainder when 960 is divided by 50.
10
Calculate the remainder when 12908 is divided by 20.
8
What is the remainder when 17184 is divided by 2150?
2134
Calculate the remainder when 3840 is divided by 1168.
336
What is the remainder when 148923 is divided by 108?
99
What is the remainder when 16526 is divided by 449?
362
What is the remainder when 9455 is divided by 378?
5
Calculate the remainder when 5285 is divided by 473.
82
What is the remainder when 17437 is divided by 579?
67
Calculate the remainder when 106833 is divided by 8901.
21
Calculate the remainder when 8682 is divided by 66.
36
What is the remainder when 40161 is divided by 30?
21
Calculate the remainder when 305514 is divided by 50917.
12
What is the remainder when 66900 is divided by 380?
20
Calculate the remainder when 34725 is divided by 6829.
580
What is the remainder when 26709 is divided by 26704?
5
What is the remainder when 38801 is divided by 38791?
10
What is the remainder when 2989 is divided by 272?
269
What is the remainder when 208138 is divided by 1706?
6
Calculate the remainder when 168882 is divided by 81.
78
What is the remainder when 6526 is divided by 313?
266
Calculate the remainder when 21639 is divided by 19.
17
What is the remainder when 3565 is divided by 1406?
753
Calculate the remainder when 8042 is divided by 923.
658
What is the remainder when 239 is divided by 232?
7
Calculate the remainder when 356224 is divided by 14.
8
Calculate the remainder when 1870 is divided by 87.
43
Calculate the remainder when 1449 is divided by 24.
9
What is the remainder when 19532 is divided by 235?
27
Calculate the remainder when 612 is divided by 39.
27
What is the remainder when 27432 is divided by 490?
482
Calculate the remainder when 62738 is divided by 3921.
2
What is the remainder when 138727 is divided by 393?
391
Calculate the remainder when 3482 is divided by 314.
28
Calculate the remainder when 207584 is divided by 23063.
17
Calculate the remainder when 5826 is divided by 64.
2
What is the remainder when 460936 is divided by 264?
256
What is the remainder when 1932 is divided by 1923?
9
Calculate the remainder when 22582 is divided by 2507.
19
Calculate the remainder when 13382 is divided by 558.
548
Calculate the remainder when 9619 is divided by 19.
5
Calculate the remainder when 493808 is divided by 230.
228
What is the remainder when 20094 is divided by 128?
126
Calculate the remainder when 215538 is divided by 20.
18
What is the remainder when 1363 is divided by 1018?
345
Calculate the remainder when 8556 is divided by 15.
6
What is the remainder when 33752 is divided by 341?
334
What is the remainder when 2753 is divided by 10?
3
Calculate the remainder when 2441 is divided by 121.
21
Calculate the remainder when 2861 is divided by 18.
17
Calculate the remainder when 88848 is divided by 88839.
9
What is the remainder when 117486 is divided by 182?
96
What is the remainder when 14870 is divided by 692?
338
Calculate the remainder when 35131 is divided by 288.
283
What is the remainder when 4677247 is divided by 1765?
1762
What is the remainder when 1188725 is divided by 166?
165
Calculate the remainder when 6125 is divided by 611.
15
What is the remainder when 18646 is divided by 3726?
16
What is the remainder when 26898 is divided by 28?
18
What is the remainder when 58296 is divided by 426?
360
Calculate the remainder when 1253310 is divided by 32.
30
Calculate the remainder when 56601 is divided by 31.
26
What is the remainder when 48 is divided by 30?
18
What is the remainder when 550661 is divided by 275328?
5
What is the remainder when 40751 is divided by 20374?
3
What is the remainder when 12340 is divided by 13?
3
What is the remainder when 33815 is divided by 283?
138
What is the remainder when 33398 is divided by 3335?
48
What is the remainder when 7070 is divided by 3506?
58
Calculate the remainder when 231186 is divided by 707.
704
What is the remainder when 39991 is divided by 11?
6
What is the remainder when 3007 is divided by 130?
17
What is the remainder when 24433 is divided by 11?
2
Calculate the remainder when 36608 is divided by 18304.
0
What is the remainder when 2373 is divided by 265?
253
Calculate the remainder when 38542 is divided by 65.
62
What is the remainder when 13178 is divided by 1647?
2
Calculate the remainder when 187319 is divided by 22.
11
What is the remainder when 15501 is divided by 775?
1
What is the remainder when 8959 is divided by 4474?
11
What is the remainder when 32182 is divided by 96?
22
Calculate the remainder when 18352 is divided by 382.
16
Calculate the remainder when 350379 is divided by 20.
19
What is the remainder when 24391 is divided by 1626?
1
What is the remainder when 1136645 is divided by 582?
581
What is the remainder when 2236 is divided by 68?
60
Calculate the remainder when 39215 is divided by 48.
47
Calculate the remainder when 244387 is divided by 43.
18
Calculate the remainder when 3044 is divided by 278.
264
Calculate the remainder when 2743 is divided by 826.
265
Calculate the remainder when 81507 is divided by 15.
12
Calculate the remainder when 1437993 is divided by 53.
50
Calculate the remainder when 11810 is divided by 1124.
570
What is the remainder when 167426 is divided by 53?
52
What is the remainder when 111627 is divided by 59?
58
Calculate the remainder when 99744 is divided by 430.
414
What is the remainder when 230 is divided by 93?
44
Calculate the remainder when 430900 is divided by 43.
40
Calculate the remainder when 832188 is divided by 3944.
4
What is the remainder when 19819 is divided by 35?
9
What is the remainder when 1792 is divided by 364?
336
Calculate the remainder when 1198657 is divided by 292.
289
What is the remainder when 9081 is divided by 566?
25
Calculate the remainder when 7556 is divided by 18.
14
Calculate the remainder when 29785 is divided by 91.
28
What is the remainder when 3634 is divided by 36?
34
Calculate the remainder when 20248 is divided by 6528.
664
Calculate the remainder when 139212 is divided by 8.
4
Calculate the remainder when 17794 is divided by 28.
14
What is the remainder when 1074147 is divided by 22?
19
Calculate the remainder when 165568 is divided by 5.
3
Calculate the remainder when 3818 is divided by 67.
66
Calculate the remainder when 14450 is divided by 7040.
370
Calculate the remainder when 60306 is divided by 2010.
6
Calculate the remainder when 1213 is divided by 243.
241
Calculate the remainder when 987 is divided by 217.
119
What is the remainder when 3472 is divided by 29?
21
Calculate the remainder when 785 is divided by 365.
55
Calculate the remainder when 7607 is divided by 1266.
11
What is the remainder when 4448 is divided by 858?
158
Calculate the remainder when 150406 is divided by 34.
24
Calculate the remainder when 124423 is divided by 62202.
19
What is the remainder when 65017 is divided by 21670?
7
What is the remainder when 19583 is divided by 8?
7
What is the remainder when 2626 is divided by 36?
34
Calculate the remainder when 1425906 is divided by 28.
6
What is the remainder when 192543 is divided by 426?
417
Calculate the remainder when 8833 is divided by 157.
41
What is the remainder when 142124 is divided by 141?
137
What is the remainder when 6976 is divided by 3488?
0
What is the remainder when 13494 is divided by 100?
94
What is the remainder when 26152 is divided by 8665?
157
What is the remainder when 120557 is d